{"id":151,"date":"2026-03-06T18:23:04","date_gmt":"2026-03-06T18:23:04","guid":{"rendered":"https:\/\/joaoalmeida.eu\/?page_id=151"},"modified":"2026-03-12T11:35:02","modified_gmt":"2026-03-12T11:35:02","slug":"press","status":"publish","type":"page","link":"https:\/\/joaoalmeida.eu\/index.php\/press\/","title":{"rendered":"press"},"content":{"rendered":"<div style=\"display: flex; padding: 50px 18px 80px;\">\n<div><\/div>\n<div><\/div>\n<div><\/div>\n<div><\/div>\n<div><\/div>\n<div style=\"width: 42%; flex-shrink: 0; overflow: hidden;\">\n<p><img fetchpriority=\"high\" decoding=\"async\" class=\"alignnone wp-image-330\" src=\"http:\/\/joaoalmeida.eu\/wp-content\/uploads\/2026\/03\/press_joaocarreiro-1-300x225.png\" alt=\"\" width=\"459\" height=\"344\" srcset=\"https:\/\/joaoalmeida.eu\/wp-content\/uploads\/2026\/03\/press_joaocarreiro-1-300x225.png 300w, https:\/\/joaoalmeida.eu\/wp-content\/uploads\/2026\/03\/press_joaocarreiro-1-1024x768.png 1024w, https:\/\/joaoalmeida.eu\/wp-content\/uploads\/2026\/03\/press_joaocarreiro-1-768x576.png 768w, https:\/\/joaoalmeida.eu\/wp-content\/uploads\/2026\/03\/press_joaocarreiro-1-1536x1153.png 1536w, https:\/\/joaoalmeida.eu\/wp-content\/uploads\/2026\/03\/press_joaocarreiro-1.png 1919w\" sizes=\"(max-width: 459px) 100vw, 459px\" \/><\/p>\n<\/div>\n<div style=\"flex: 1; padding: 40px 40px 40px 40px; max-width: 620px;\">\n<p>&nbsp;<\/p>\n<ul style=\"list-style: none; padding: 0; margin-top: 32px; line-height: 1.9;\">\n<li style=\"list-style-type: none;\">\n<ul style=\"list-style: none; padding: 0; margin-top: 32px; line-height: 1.9;\">\n<li><a href=\"https:\/\/salt-peanuts.eu\/record\/joao-almeida\/\">Solo Sessions \u2014 Salt Peanuts Mag (Eyal Hareuveni)<\/a><\/li>\n<li><a href=\"https:\/\/reader.exacteditions.com\/issues\/102597\/spread\/1\">HOCUS &#8216;Narrow&#8217; \u2014 The Wire Magazine (Emily Pothast)<\/a><\/li>\n<li><a href=\"https:\/\/reader.exacteditions.com\/issues\/100742\/spread\/1\">Peachfuzz &#8216;Peachinguinha&#8217; \u2014 The Wire Magazine (Stewart Smith)<\/a><\/li>\n<li><a href=\"https:\/\/www.freejazzblog.org\/2021\/07\/garfo-garfo-clean-feed-2021.html\">GARFO \u2018Garfo\u2019 &#8211; Free Jazz Blog (by Stef Gijssels)<\/a><\/li>\n<li><a href=\"https:\/\/www.publico.pt\/2025\/08\/01\/culturaipsilon\/noticia\/facada-bem-espetada-abrir-caminho-musica-nao-2142201\"><span style=\"font-weight: 400;\">Facada Records &#8211; Ips\u00edlon (M\u00e1rio Lopes)<\/span><\/a><\/li>\n<li><a href=\"https:\/\/www.publico.pt\/2025\/01\/15\/culturaipsilon\/noticia\/energia-nova-jazz-portugues-liberdade-garfo-talagbusao-2118652\\\"><span style=\"font-weight: 400;\">GARFO &#8211; Ips\u00edlon (Gon\u00e7alo Frota)<\/span><\/a><\/li>\n<\/ul>\n<\/li>\n<\/ul>\n<p style=\"margin-top: 28px;\">Press kit on request: <a style=\"text-decoration: underline;\" href=\"\/contacts\">contact<\/a><\/p>\n<\/div>\n<\/div>\n","protected":false},"excerpt":{"rendered":"<p>&nbsp; Solo Sessions \u2014 Salt Peanuts Mag (Eyal Hareuveni) HOCUS &#8216;Narrow&#8217; \u2014 The Wire Magazine (Emily Pothast) Peachfuzz &#8216;Peachinguinha&#8217; \u2014 The Wire Magazine (Stewart Smith) GARFO \u2018Garfo\u2019 &#8211; Free Jazz Blog (by Stef Gijssels) Facada Records &#8211; Ips\u00edlon (M\u00e1rio Lopes) GARFO &#8211; Ips\u00edlon (Gon\u00e7alo Frota) Press kit on request: contact<\/p>\n","protected":false},"author":1,"featured_media":0,"parent":0,"menu_order":0,"comment_status":"closed","ping_status":"closed","template":"","meta":{"footnotes":""},"class_list":["post-151","page","type-page","status-publish","hentry"],"_links":{"self":[{"href":"https:\/\/joaoalmeida.eu\/index.php\/wp-json\/wp\/v2\/pages\/151","targetHints":{"allow":["GET"]}}],"collection":[{"href":"https:\/\/joaoalmeida.eu\/index.php\/wp-json\/wp\/v2\/pages"}],"about":[{"href":"https:\/\/joaoalmeida.eu\/index.php\/wp-json\/wp\/v2\/types\/page"}],"author":[{"embeddable":true,"href":"https:\/\/joaoalmeida.eu\/index.php\/wp-json\/wp\/v2\/users\/1"}],"replies":[{"embeddable":true,"href":"https:\/\/joaoalmeida.eu\/index.php\/wp-json\/wp\/v2\/comments?post=151"}],"version-history":[{"count":38,"href":"https:\/\/joaoalmeida.eu\/index.php\/wp-json\/wp\/v2\/pages\/151\/revisions"}],"predecessor-version":[{"id":432,"href":"https:\/\/joaoalmeida.eu\/index.php\/wp-json\/wp\/v2\/pages\/151\/revisions\/432"}],"wp:attachment":[{"href":"https:\/\/joaoalmeida.eu\/index.php\/wp-json\/wp\/v2\/media?parent=151"}],"curies":[{"name":"wp","href":"https:\/\/api.w.org\/{rel}","templated":true}]}}